{"id":1973,"date":"2017-12-27T23:27:14","date_gmt":"2017-12-27T23:27:14","guid":{"rendered":"http:\/\/galaxy.agh.edu.pl\/~swagh\/?page_id=1973"},"modified":"2026-04-17T08:37:03","modified_gmt":"2026-04-17T06:37:03","slug":"kontakt-z-organizatorami","status":"publish","type":"page","link":"https:\/\/swagh.agh.edu.pl\/?page_id=1973","title":{"rendered":"Kontakt z organizatorami"},"content":{"rendered":"\n<p><strong>Kontakt do Stowarzyszenia Wychowank\u00f3w AGH:<\/strong><\/p>\n\n\n\n<p>Koordynatorzy uroczysto\u015bci&nbsp;<strong>\u201eZ\u0142oty Indeks\u201d<\/strong>:<\/p>\n\n\n\n<p>mgr Paulina Licho\u0144, mgr in\u017c. Zbigniew Sulima<br>telefon: 12-617-32-84<br>e-mail:&nbsp;<a href=\"mailto:swagh@agh.edu.pl\">swagh@agh.edu.pl<\/a><\/p>\n\n\n\n<hr class=\"wp-block-separator has-css-opacity\"\/>\n\n\n\n<p><strong>Kontakt do organizator\u00f3w Jubileuszu \u201eZ\u0141OTY INDEKS\u201d z rocznika 1976\/1977 na wydzia\u0142ach:<\/strong><\/p>\n\n\n\n<figure class=\"wp-block-table\"><table><tbody><tr><td class=\"has-text-align-center\" data-align=\"center\"><strong>Wydzia\u0142<\/strong><\/td><td class=\"has-text-align-center\" data-align=\"center\"><strong>Organizator Wydzia\u0142owy Jubileuszu 2026<\/strong><\/td><td class=\"has-text-align-center\" data-align=\"center\"><strong>kontakt<\/strong><\/td><\/tr><tr><td class=\"has-text-align-center\" data-align=\"center\"><strong><a rel=\"noreferrer noopener\" href=\"https:\/\/www.agh.edu.pl\/wydzialy\/wydzial-inzynierii-ladowej-i-gospodarki-zasobami\/\" target=\"_blank\">In\u017cynierii L\u0105dowej i Gospodarki Zasobami<\/a><\/strong><strong><a rel=\"noreferrer noopener\" href=\"https:\/\/www.agh.edu.pl\/wydzialy-i-podstawowe-jednostki-organizacyjne\/wydzial-gornictwa-i-geoinzynierii\/\" target=\"_blank\"><strong>(wcze\u015bniej G\u00f3rnic<\/strong>zy)<\/a><\/strong><\/td><td class=\"has-text-align-center\" data-align=\"center\"><\/td><td class=\"has-text-align-center\" data-align=\"center\"><\/td><\/tr><tr><td class=\"has-text-align-center\" data-align=\"center\"><strong><a href=\"https:\/\/www.agh.edu.pl\/wydzial-geologii-geofizyki-iochrony-srodowiska\/\" target=\"_blank\" rel=\"noreferrer noopener\">Geologii, Geofizyki i&nbsp;Ochrony \u015arodowiska<\/a><\/strong><\/td><td class=\"has-text-align-center\" data-align=\"center\">Anna Smoro\u0144<\/td><td class=\"has-text-align-center\" data-align=\"center\"><a href=\"mailto:smoron@tlen.pl\">smoron@tlen.pl<\/a><\/td><\/tr><tr><td class=\"has-text-align-center\" data-align=\"center\"><strong><a href=\"https:\/\/www.agh.edu.pl\/wydzial-geodezji-gorniczej-iinzynierii-srodowiska\/\" target=\"_blank\" rel=\"noreferrer noopener\">Geodezji G\u00f3rniczej i&nbsp;In\u017cynierii \u015arodowiska<\/a><\/strong><\/td><td class=\"has-text-align-center\" data-align=\"center\">Janusz Jagielak<\/td><td class=\"has-text-align-center\" data-align=\"center\"><a href=\"mailto:geojag@interia.pl\">geojag@interia.pl<\/a><\/td><\/tr><tr><td class=\"has-text-align-center\" data-align=\"center\"><strong><a href=\"https:\/\/www.agh.edu.pl\/wydzialy-i-podstawowe-jednostki-organizacyjne\/wydzial-wiertnictwa-nafty-i-gazu\/\" target=\"_blank\" rel=\"noreferrer noopener\">Wiertnictwa, Nafty i Gazu<\/a><\/strong><\/td><td class=\"has-text-align-center\" data-align=\"center\">Franciszek Brach<\/td><td class=\"has-text-align-center\" data-align=\"center\"><a href=\"mailto:fr.brach@gmail.com\">fr.brach@gmail.com<\/a><\/td><\/tr><tr><td class=\"has-text-align-center\" data-align=\"center\"><strong><a href=\"https:\/\/www.metal.agh.edu.pl\/\" target=\"_blank\" rel=\"noreferrer noopener\">In\u017cynierii Metali i Informatyki Przemys\u0142owej<\/a><\/strong><\/td><td class=\"has-text-align-center\" data-align=\"center\">W\u0142odzimierz B\u0142a\u017cejczyk<\/td><td class=\"has-text-align-center\" data-align=\"center\"><a href=\"mailto:wblazej@o2.pl\">wblazej@o2.pl<\/a><\/td><\/tr><tr><td class=\"has-text-align-center\" data-align=\"center\"><strong><a rel=\"noreferrer noopener\" href=\"https:\/\/www.agh.edu.pl\/wydzialy-i-podstawowe-jednostki-organizacyjne\/wydzial-wiertnictwa-nafty-i-gazu\/\" target=\"_blank\">Odlewnictwa<\/a><\/strong><\/td><td class=\"has-text-align-center\" data-align=\"center\">Krystyna Tokarska- Paterek<\/td><td class=\"has-text-align-center\" data-align=\"center\"><a href=\"mailto:krystynapaterek@tlen.pl\">krystynapaterek@tlen.pl<\/a><\/td><\/tr><tr><td class=\"has-text-align-center\" data-align=\"center\"><strong><a rel=\"noreferrer noopener\" href=\"https:\/\/www.agh.edu.pl\/wydzialy\/wydzial-metali-niezelaznych\/\" target=\"_blank\">Metali Nie\u017celaznych<\/a><\/strong><\/td><td class=\"has-text-align-center\" data-align=\"center\"><\/td><td class=\"has-text-align-center\" data-align=\"center\"><\/td><\/tr><tr><td class=\"has-text-align-center\" data-align=\"center\"><strong><a href=\"https:\/\/www.eaiib.agh.edu.pl\/\" target=\"_blank\" rel=\"noreferrer noopener\">Elektrotechniki, Automatyki, Informatyki i In\u017cynierii Biomedycznej<\/a><\/strong><\/td><td class=\"has-text-align-center\" data-align=\"center\">Rajmund Talaczy\u0144ski<br>Zbigniew Kwater<\/td><td class=\"has-text-align-center\" data-align=\"center\"><a href=\"mailto:rajtal@wp.pl\">rajtal@wp.pl<\/a><br><a href=\"mailto:zbigniew.kwater@qwater.eu\">zbigniew.kwater@qwater.eu<\/a><\/td><\/tr><tr><td class=\"has-text-align-center\" data-align=\"center\"><strong><a rel=\"noreferrer noopener\" href=\"https:\/\/www.agh.edu.pl\/wydzialy\/wydzial-inzynierii-materialowej-i-ceramiki\/\" target=\"_blank\">In\u017cynierii Materia\u0142owej i Ceramiki<\/a><\/strong><\/td><td class=\"has-text-align-center\" data-align=\"center\">Jerzy Lor\u0119cki<\/td><td class=\"has-text-align-center\" data-align=\"center\"><a href=\"mailto:bombardier@o2.pl\">bombardier@o2.pl<\/a><\/td><\/tr><tr><td class=\"has-text-align-center\" data-align=\"center\"><a rel=\"noreferrer noopener\" href=\"https:\/\/imir.agh.edu.pl\/\" target=\"_blank\"><strong>In\u017cynierii Mechanicznej i Robotyki<\/strong><\/a><\/td><td class=\"has-text-align-center\" data-align=\"center\"><\/td><td class=\"has-text-align-center\" data-align=\"center\"><\/td><\/tr><tr><td class=\"has-text-align-center\" data-align=\"center\"><a href=\"https:\/\/www.zarz.agh.edu.pl\/\"><strong>Zarz\u0105dzania<\/strong><\/a><\/td><td class=\"has-text-align-center\" data-align=\"center\">Janusz Andrzejowski<\/td><td class=\"has-text-align-center\" data-align=\"center\"><a href=\"mailto:jand609@tlen.pl\">jand609@tlen.pl<\/a><\/td><\/tr><tr><td class=\"has-text-align-center\" data-align=\"center\"><a href=\"https:\/\/weip.agh.edu.pl\/\"><strong>Energetyki i Paliw<\/strong><\/a><\/td><td class=\"has-text-align-center\" data-align=\"center\"><\/td><td class=\"has-text-align-center\" data-align=\"center\"><\/td><\/tr><\/tbody><\/table><\/figure>\n\n\n\n<p><\/p>\n","protected":false},"excerpt":{"rendered":"<p>Kontakt do Stowarzyszenia Wychowank\u00f3w AGH: Koordynatorzy uroczysto\u015bci&nbsp;\u201eZ\u0142oty Indeks\u201d: mgr Paulina Licho\u0144, mgr in\u017c. Zbigniew Sulimatelefon: 12-617-32-84e-mail:&nbsp;swagh@agh.edu.pl Kontakt do organizator\u00f3w Jubileuszu \u201eZ\u0141OTY INDEKS\u201d z rocznika 1976\/1977 na wydzia\u0142ach: Wydzia\u0142 Organizator Wydzia\u0142owy Jubileuszu 2026 kontakt In\u017cynierii L\u0105dowej<\/p>\n","protected":false},"author":1,"featured_media":0,"parent":1902,"menu_order":0,"comment_status":"closed","ping_status":"closed","template":"","meta":{"footnotes":"","_links_to":"","_links_to_target":""},"class_list":["post-1973","page","type-page","status-publish","hentry"],"_links":{"self":[{"href":"https:\/\/swagh.agh.edu.pl\/index.php?rest_route=\/wp\/v2\/pages\/1973","targetHints":{"allow":["GET"]}}],"collection":[{"href":"https:\/\/swagh.agh.edu.pl\/index.php?rest_route=\/wp\/v2\/pages"}],"about":[{"href":"https:\/\/swagh.agh.edu.pl\/index.php?rest_route=\/wp\/v2\/types\/page"}],"author":[{"embeddable":true,"href":"https:\/\/swagh.agh.edu.pl\/index.php?rest_route=\/wp\/v2\/users\/1"}],"replies":[{"embeddable":true,"href":"https:\/\/swagh.agh.edu.pl\/index.php?rest_route=%2Fwp%2Fv2%2Fcomments&post=1973"}],"version-history":[{"count":124,"href":"https:\/\/swagh.agh.edu.pl\/index.php?rest_route=\/wp\/v2\/pages\/1973\/revisions"}],"predecessor-version":[{"id":8055,"href":"https:\/\/swagh.agh.edu.pl\/index.php?rest_route=\/wp\/v2\/pages\/1973\/revisions\/8055"}],"up":[{"embeddable":true,"href":"https:\/\/swagh.agh.edu.pl\/index.php?rest_route=\/wp\/v2\/pages\/1902"}],"wp:attachment":[{"href":"https:\/\/swagh.agh.edu.pl\/index.php?rest_route=%2Fwp%2Fv2%2Fmedia&parent=1973"}],"curies":[{"name":"wp","href":"https:\/\/api.w.org\/{rel}","templated":true}]}}