{"id":3832,"date":"2020-10-12T08:15:28","date_gmt":"2020-10-12T08:15:28","guid":{"rendered":"http:\/\/galaxy.agh.edu.pl\/~swagh\/?page_id=3832"},"modified":"2022-04-27T08:57:08","modified_gmt":"2022-04-27T08:57:08","slug":"o-nas","status":"publish","type":"page","link":"https:\/\/swagh.agh.edu.pl\/?page_id=3832","title":{"rendered":"O Nas"},"content":{"rendered":"\n<ul class=\"wp-block-list\"><li><a rel=\"noreferrer noopener\" href=\"https:\/\/swagh.agh.edu.pl\/?page_id=85\" target=\"_blank\"><strong>ZARZ\u0104D SW AGH<\/strong><\/a><\/li><li><a href=\"https:\/\/swagh.agh.edu.pl\/?page_id=5227\" target=\"_blank\" rel=\"noreferrer noopener\"><strong>RADA SW AGH<\/strong><\/a><\/li><li><strong><a href=\"https:\/\/swagh.agh.edu.pl\/?page_id=155\">STATUT<\/a><\/strong><\/li><\/ul>\n\n\n\n<p><\/p>\n\n\n\n<p>Stowarzyszenie Wychowank\u00f3w Akademii G\u00f3rniczo-Hutniczej im. Stanis\u0142awa Staszica powsta\u0142o dzi\u0119ki usilnym staraniom wielu absolwent\u00f3w Akademii G\u00f3rniczej w Krakowie, kt\u00f3rzy ko\u0144czyli studia przed 1939 rokiem. Przetrwali trudny okres wojenny 1939\u20131945 i ofiarnie podj\u0119li ci\u0119\u017car odbudowy zniszczonego w Polsce g\u00f3rnictwa i hutnictwa, a wi\u0119c po cz\u0119\u015bci tak\u017ce w\u0142asnego warsztatu pracy, do czego przygotowa\u0142a ich nadzwyczaj starannie Akademia G\u00f3rnicza w Krakowie.<\/p>\n\n\n\n<p>Uczelnia rozwin\u0119\u0142a w swoich wychowankach zmys\u0142 kole\u017ce\u0144stwa, piel\u0119gnowania wzajemnych wi\u0119z\u00f3w przyja\u017ani i braterstwa oraz przywi\u0105zania do \u017ar\u00f3de\u0142 przekazywanej wiedzy i szafarzy tajnik\u00f3w warsztatu zawodowego i naukowego. Warto\u015bci te zosta\u0142y poddane ostrej pr\u00f3bie w latach 1944\u20131945, a wi\u0119c w okresie, kiedy uczelnia potrzebowa\u0142a pomocy materialnej, fizycznej oraz mocnego wsparcia. Wychowankowie Akademii G\u00f3rniczej wym\u0119czeni i utrudzeni zdarzeniami wojennymi, d\u0105\u017cyli do wzajemnego zbli\u017cenia i odzyskania dawnych wi\u0119zi przyja\u017ani i kole\u017ce\u0144stwa. D\u0105\u017ceniom tym wysz\u0142o naprzeciw Stowarzyszenie Asystent\u00f3w AG, kt\u00f3re wspar\u0142o og\u00f3\u0142 oczekiwa\u0144 i zorganizowa\u0142o pierwszy zjazd wychowank\u00f3w uczelni bardzo wcze\u015bnie, bo ju\u017c pod koniec 1945 roku. W ten nurt og\u00f3lnych d\u0105\u017ce\u0144, w\u0142\u0105czyli si\u0119 tak\u017ce profesorowie i kadra nauczaj\u0105ca uczelni z rektorem prof. Walerym Goetlem, co znacznie u\u0142atwi\u0142o poczynienie pierwszych krok\u00f3w organizacyjnych i w efekcie doprowadzi\u0142o do ukonstytuowania Stowarzyszenia Wychowank\u00f3w Akademii G\u00f3rniczej. Kadra dydaktyczno-naukowa by\u0142a odt\u0105d stale silnym wsparciem dla organizacji wychowank\u00f3w AG. Jej wp\u0142yw i udzia\u0142 w strukturach organizacyjnych stowarzyszenia dotyczy ca\u0142ej historii 75-lecia SW AGH. Profesorowie uczelni pe\u0142nili zawsze wybieraln\u0105 funkcj\u0119 przewodnicz\u0105cych stowarzyszenia, a obecnie prezes\u00f3w. Zasiadali obok wychowank\u00f3w w gronie cz\u0142onk\u00f3w zarz\u0105du, pe\u0142nili tak\u017ce wa\u017cne funkcje w sk\u0142adzie przer\u00f3\u017cnych komisji statutowych. Dowodzi to ogromnego zaufania cz\u0142onk\u00f3w stowarzyszenia do swoich wychowawc\u00f3w i nauczycieli zawodu, a tak\u017ce przedstawicieli nauki, kt\u00f3rzy osi\u0105gali wielokro\u0107 szczyty wiedzy i byli powodem do dumy dla ca\u0142ej spo\u0142eczno\u015bci wychowank\u00f3w Akademii G\u00f3rniczo-Hutniczej.<\/p>\n\n\n\n<p>Sta\u0142y i systematyczny rozw\u00f3j, Stowarzyszenie Wychowank\u00f3w AGH zawdzi\u0119cza ofiarno\u015bci i bezinteresownemu zaanga\u017cowaniu swoich cz\u0142onk\u00f3w, kt\u00f3rzy nigdy nie szcz\u0119dzili czasu i wysi\u0142ku dla dobra og\u00f3\u0142u, zw\u0142aszcza dla rozwoju macierzystej uczelni i ca\u0142ej rzeszy wychowank\u00f3w AGH. Rozw\u00f3j SW AGH zaznaczy\u0142 si\u0119 g\u0142\u00f3wnie w formie sta\u0142ego przyrostu liczby cz\u0142onk\u00f3w, a tak\u017ce powi\u0119kszania liczby k\u00f3\u0142 terenowych i regionalnych, kt\u00f3re rozmieszczone s\u0105 na ca\u0142ym obszarze Polski.<\/p>\n\n\n\n<p>Wra\u017cliwo\u015b\u0107 na koleg\u00f3w i ich rodzin zaowocowa\u0142a ustanowieniem specjalnej akcji pomocy dla wd\u00f3w i sierot po zmar\u0142ych kolegach i cz\u0142onkach stowarzyszenia. Akcja ta przetrwa\u0142a nieprzerwanie przez 75 lat i dzia\u0142a w oparciu o fundusze gromadzone z dobrowolnych sk\u0142adek swoich cz\u0142onk\u00f3w. Stowarzyszenie w\u0142\u0105czy\u0142o si\u0119 aktywnie w nurt propagowania wiedzy i osi\u0105gni\u0119\u0107 naukowych wychowank\u00f3w uczelni i jej kadr naukowo-dydaktycznych poprzez przesz\u0142o 40-letni\u0105 organizacj\u0119 sesji naukowych AGH i zjazd\u00f3w naukowych wychowank\u00f3w uczelni. Do sta\u0142ej troski nale\u017ca\u0142a zawsze dba\u0142o\u015b\u0107 o piel\u0119gnowanie tradycji zwi\u0105zanych z losami uczelni i histori\u0105 zawod\u00f3w uprawianych przez wychowank\u00f3w AGH. Tradycje piel\u0119gnowane w uczelni pozostaj\u0105 wprawdzie niezmienne, ale ewolucji i unowocze\u015bnianiu podlegaj\u0105 kierunki i specjalno\u015bci naukowe rozwijane i uprawiane przez zespo\u0142y dydaktyczno-naukowe na wielu wydzia\u0142ach. Pojawiaj\u0105 si\u0119 obecnie zupe\u0142nie nowe i nowoczesne kierunki wykraczaj\u0105ce daleko poza zakres g\u00f3rnictwa, hutnictwa i przetwarzania surowc\u00f3w. Uczelnia kszta\u0142ci i wychowuje w zwi\u0105zku z tym zupe\u0142nie inny typ absolwenta \u2013 wychowanka o obliczu dostosowanym do potrzeb nowoczesnej, europejskiej i \u015bwiatowej gospodarki. Niezmienne w tym p\u0119dzie do nowoczesno\u015bci pozostaj\u0105 jedynie wi\u0119zi kole\u017ce\u0144stwa i wzajemnej przyja\u017ani wyniesione z uczelni, kt\u00f3re pozostaj\u0105 trwa\u0142e w dalszym \u017cyciu zawodowym.<\/p>\n\n\n\n<p>Dlatego w dzia\u0142alno\u015bci Stowarzyszenia Wychowank\u00f3w AGH ogromn\u0105 rol\u0119 spe\u0142niaj\u0105 nadal spotkania wychowank\u00f3w oraz zjazdy kole\u017ce\u0144skie cz\u0142onk\u00f3w SW AGH organizowane z okazji jubileusz\u00f3w, przypadaj\u0105cych rocznic i okazji \u015bwi\u0105tecznych. Wielkim zainteresowaniem ciesz\u0105 si\u0119 spotkania jubileuszowe organizowane z okazji odnowienia immatrykulacji po 50 latach od rozpocz\u0119cia studi\u00f3w w AGH. Uczestnicz\u0105 w nich wychowankowie wszystkich wydzia\u0142\u00f3w, kt\u00f3re osi\u0105gn\u0119\u0142y ju\u017c \u201ez\u0142oty wiek\u201d i mog\u0105 obdarzy\u0107 swoich absolwent\u00f3w specjalnym indeksem powt\u00f3rnej immatrykulacji w obecno\u015bci rektora i w\u0142adz uczelni.<\/p>\n\n\n\n<p>Dzieje SW AGH powi\u0105zane \u015bci\u015ble od swego pocz\u0105tku przez ca\u0142e 75 lat z losami uczelni, mia\u0142y tak\u017ce swoje kronikarskie zapiski i notowania w formie publikacyjnej. Dla oceny i opisu osi\u0105gni\u0119tego dorobku s\u0142u\u017cy\u0142a dzia\u0142alno\u015b\u0107 publikacyjna SW AGH, prowadzona w spos\u00f3b systematyczny b\u0105d\u017a w formie biuletyn\u00f3w, b\u0105d\u017a te\u017c w postaci kronikarskiej. Pod firm\u0105 stowarzyszenia drukowane s\u0105 tak\u017ce r\u00f3\u017cnorodne wydawnictwa o charakterze biograficznym, organizacyjnym czy okoliczno\u015bciowym zwi\u0105zane z AGH b\u0105d\u017a z SW AGH.<\/p>\n\n\n\n<p>SW AGH z natury swojej organizacji obj\u0105\u0107 powinno wszystkich koleg\u00f3w, zw\u0142aszcza m\u0142odszych, wchodz\u0105cych w nasze szeregi po uko\u0144czeniu studi\u00f3w. Zarz\u0105d Stowarzyszenia zwraca si\u0119 do koleg\u00f3w z apelem, a\u017ceby przez z\u0142o\u017cenie deklaracji stali si\u0119 rzeczywistymi cz\u0142onkami naszego Stowarzyszenia\u201d.<\/p>\n","protected":false},"excerpt":{"rendered":"<p>ZARZ\u0104D SW AGH RADA SW AGH STATUT Stowarzyszenie Wychowank\u00f3w Akademii G\u00f3rniczo-Hutniczej im. Stanis\u0142awa Staszica powsta\u0142o dzi\u0119ki usilnym staraniom wielu absolwent\u00f3w Akademii G\u00f3rniczej w Krakowie, kt\u00f3rzy ko\u0144czyli studia przed 1939 rokiem. Przetrwali trudny okres wojenny 1939\u20131945<\/p>\n","protected":false},"author":1,"featured_media":0,"parent":0,"menu_order":0,"comment_status":"closed","ping_status":"closed","template":"","meta":{"footnotes":"","_links_to":"","_links_to_target":""},"class_list":["post-3832","page","type-page","status-publish","hentry"],"_links":{"self":[{"href":"https:\/\/swagh.agh.edu.pl\/index.php?rest_route=\/wp\/v2\/pages\/3832","targetHints":{"allow":["GET"]}}],"collection":[{"href":"https:\/\/swagh.agh.edu.pl\/index.php?rest_route=\/wp\/v2\/pages"}],"about":[{"href":"https:\/\/swagh.agh.edu.pl\/index.php?rest_route=\/wp\/v2\/types\/page"}],"author":[{"embeddable":true,"href":"https:\/\/swagh.agh.edu.pl\/index.php?rest_route=\/wp\/v2\/users\/1"}],"replies":[{"embeddable":true,"href":"https:\/\/swagh.agh.edu.pl\/index.php?rest_route=%2Fwp%2Fv2%2Fcomments&post=3832"}],"version-history":[{"count":5,"href":"https:\/\/swagh.agh.edu.pl\/index.php?rest_route=\/wp\/v2\/pages\/3832\/revisions"}],"predecessor-version":[{"id":5245,"href":"https:\/\/swagh.agh.edu.pl\/index.php?rest_route=\/wp\/v2\/pages\/3832\/revisions\/5245"}],"wp:attachment":[{"href":"https:\/\/swagh.agh.edu.pl\/index.php?rest_route=%2Fwp%2Fv2%2Fmedia&parent=3832"}],"curies":[{"name":"wp","href":"https:\/\/api.w.org\/{rel}","templated":true}]}}