{"id":7474,"date":"2025-06-03T08:16:47","date_gmt":"2025-06-03T06:16:47","guid":{"rendered":"https:\/\/swagh.agh.edu.pl\/?page_id=7474"},"modified":"2025-06-03T08:16:47","modified_gmt":"2025-06-03T06:16:47","slug":"ramowy-program-uroczystosci-srebrny-dyplom","status":"publish","type":"page","link":"https:\/\/swagh.agh.edu.pl\/?page_id=7474","title":{"rendered":"Ramowy Program Uroczysto\u015bci Srebrny Dyplom"},"content":{"rendered":"\n<p>Ka\u017cda uroczysto\u015b\u0107 Srebrny Dyplom ma podobny przebieg. <\/p>\n\n\n\n<ol class=\"wp-block-list\">\n<li>Godzina 10:00 \u2013 cz\u0119\u015b\u0107 oficjalna w AGH w pawilonie A-0, na kt\u00f3r\u0105 sk\u0142adaj\u0105 si\u0119:\n<ul class=\"wp-block-list\">\n<li>recepcja przed uroczysto\u015bci\u0105 w holu g\u0142\u00f3wnym pawilonu A-0,<\/li>\n\n\n\n<li>godzina 10.45 \u2013 wej\u015bcie na Aul\u0119 i kr\u00f3tki instrukta\u017c techniczny <\/li>\n\n\n\n<li>godzina 11:00 \u2013 zasadnicza uroczysto\u015b\u0107 w auli AGH,<\/li>\n\n\n\n<li>po uroczysto\u015bci w auli, pami\u0105tkowe zdj\u0119cia pod statu\u0105 Stanis\u0142awa Staszica w pawilonie A-0.<\/li>\n<\/ul>\n<\/li>\n\n\n\n<li>Spotkania kole\u017ce\u0144skie w gronie absolwent\u00f3w poszczeg\u00f3lnych wydzia\u0142\u00f3w (organizuj\u0105 wydzia\u0142owe komitety organizacyjne danego rocznika)<\/li>\n<\/ol>\n","protected":false},"excerpt":{"rendered":"<p>Ka\u017cda uroczysto\u015b\u0107 Srebrny Dyplom ma podobny przebieg.<\/p>\n","protected":false},"author":1,"featured_media":0,"parent":0,"menu_order":0,"comment_status":"closed","ping_status":"closed","template":"","meta":{"footnotes":"","_links_to":"","_links_to_target":""},"class_list":["post-7474","page","type-page","status-publish","hentry"],"_links":{"self":[{"href":"https:\/\/swagh.agh.edu.pl\/index.php?rest_route=\/wp\/v2\/pages\/7474","targetHints":{"allow":["GET"]}}],"collection":[{"href":"https:\/\/swagh.agh.edu.pl\/index.php?rest_route=\/wp\/v2\/pages"}],"about":[{"href":"https:\/\/swagh.agh.edu.pl\/index.php?rest_route=\/wp\/v2\/types\/page"}],"author":[{"embeddable":true,"href":"https:\/\/swagh.agh.edu.pl\/index.php?rest_route=\/wp\/v2\/users\/1"}],"replies":[{"embeddable":true,"href":"https:\/\/swagh.agh.edu.pl\/index.php?rest_route=%2Fwp%2Fv2%2Fcomments&post=7474"}],"version-history":[{"count":1,"href":"https:\/\/swagh.agh.edu.pl\/index.php?rest_route=\/wp\/v2\/pages\/7474\/revisions"}],"predecessor-version":[{"id":7475,"href":"https:\/\/swagh.agh.edu.pl\/index.php?rest_route=\/wp\/v2\/pages\/7474\/revisions\/7475"}],"wp:attachment":[{"href":"https:\/\/swagh.agh.edu.pl\/index.php?rest_route=%2Fwp%2Fv2%2Fmedia&parent=7474"}],"curies":[{"name":"wp","href":"https:\/\/api.w.org\/{rel}","templated":true}]}}